{"id":961,"date":"2013-12-18T15:10:03","date_gmt":"2013-12-18T13:10:03","guid":{"rendered":"http:\/\/slanedeti.sk\/cms\/?page_id=961"},"modified":"2019-06-04T07:35:29","modified_gmt":"2019-06-04T06:35:29","slug":"kontakt","status":"publish","type":"page","link":"https:\/\/slanedeti.sk\/cms\/kontakt","title":{"rendered":"Kontakt"},"content":{"rendered":"<p><strong>Priatelia slan\u00fdch det\u00ed<\/strong><br \/>\n<strong> ob\u010dianske zdru\u017eenie<\/strong><br \/>\n<strong> Garbiarska 905\/4<\/strong><br \/>\n<strong> 031 01 Liptovsk\u00fd Mikul\u00e1\u0161<\/strong><\/p>\n<p>I\u010cO: 37973070<br \/>\nDI\u010c: 2021956772<\/p>\n<h4><strong>\u010c\u00edslo \u00fa\u010dtu<\/strong><\/h4>\n<ul>\n<li>IBAN:\u00a0SK14 1100 0000 0026 2471 5783<\/li>\n<li>BIC:\u00a0TATRSKBX<\/li>\n<\/ul>\n<ul>\n<li>Janka \u0160ipekov\u00e1<\/li>\n<li>0918 492 073<\/li>\n<li>jana@slanedeti.sk<\/li>\n<\/ul>\n","protected":false},"excerpt":{"rendered":"<p>Priatelia slan&yacute;ch det&iacute; ob&#269;ianske zdru&#382;enie Garbiarska 905\/4 031 01 Liptovsk&yacute; Mikul&aacute;&scaron; I&#268;O: 37973070 DI&#268;: 2021956772 &#268;&iacute;slo &uacute;&#269;tu IBAN:&nbsp;SK14 1100 0000 0026 2471 5783 BIC:&nbsp;TATRSKBX Janka &Scaron;ipekov&aacute; 0918 492 073 jana@slanedeti.sk<\/p>\n","protected":false},"author":2,"featured_media":12,"parent":0,"menu_order":0,"comment_status":"closed","ping_status":"closed","template":"","meta":{"kt_blocks_editor_width":"","footnotes":""},"class_list":["post-961","page","type-page","status-publish","has-post-thumbnail","hentry"],"yoast_head":"<!-- This site is optimized with the Yoast SEO plugin v27.5 - https:\/\/yoast.com\/product\/yoast-seo-wordpress\/ -->\n<title>Kontakt - Slan\u00e9 deti<\/title>\n<meta name=\"description\" content=\"Kontakt Priatelia slan\u00fdch det\u00ed\" \/>\n<meta name=\"robots\" content=\"index, follow, max-snippet:-1, max-image-preview:large, max-video-preview:-1\" \/>\n<link rel=\"canonical\" href=\"https:\/\/slanedeti.sk\/cms\/kontakt\" \/>\n<meta property=\"og:locale\" content=\"sk_SK\" \/>\n<meta property=\"og:type\" content=\"article\" \/>\n<meta property=\"og:title\" content=\"Kontakt - Slan\u00e9 deti\" \/>\n<meta property=\"og:description\" content=\"Kontakt Priatelia slan\u00fdch det\u00ed\" \/>\n<meta property=\"og:url\" content=\"https:\/\/slanedeti.sk\/cms\/kontakt\" \/>\n<meta property=\"og:site_name\" content=\"Slan\u00e9 deti\" \/>\n<meta property=\"article:publisher\" content=\"http:\/\/www.facebook.com\/slanedeti\" \/>\n<meta property=\"article:modified_time\" content=\"2019-06-04T06:35:29+00:00\" \/>\n<meta property=\"og:image\" content=\"https:\/\/slanedeti.sk\/cms\/wp-content\/uploads\/2013\/12\/logo_mensie.png\" \/>\n\t<meta property=\"og:image:width\" content=\"1000\" \/>\n\t<meta property=\"og:image:height\" content=\"729\" \/>\n\t<meta property=\"og:image:type\" content=\"image\/png\" \/>\n<script type=\"application\/ld+json\" class=\"yoast-schema-graph\">{\"@context\":\"https:\\\/\\\/schema.org\",\"@graph\":[{\"@type\":\"WebPage\",\"@id\":\"https:\\\/\\\/slanedeti.sk\\\/cms\\\/kontakt\",\"url\":\"https:\\\/\\\/slanedeti.sk\\\/cms\\\/kontakt\",\"name\":\"Kontakt - Slan\u00e9 deti\",\"isPartOf\":{\"@id\":\"https:\\\/\\\/slanedeti.sk\\\/cms\\\/#website\"},\"primaryImageOfPage\":{\"@id\":\"https:\\\/\\\/slanedeti.sk\\\/cms\\\/kontakt#primaryimage\"},\"image\":{\"@id\":\"https:\\\/\\\/slanedeti.sk\\\/cms\\\/kontakt#primaryimage\"},\"thumbnailUrl\":\"https:\\\/\\\/slanedeti.sk\\\/cms\\\/wp-content\\\/uploads\\\/2013\\\/12\\\/logo_mensie.png\",\"datePublished\":\"2013-12-18T13:10:03+00:00\",\"dateModified\":\"2019-06-04T06:35:29+00:00\",\"description\":\"Kontakt Priatelia slan\u00fdch det\u00ed\",\"inLanguage\":\"sk-SK\",\"potentialAction\":[{\"@type\":\"ReadAction\",\"target\":[\"https:\\\/\\\/slanedeti.sk\\\/cms\\\/kontakt\"]}]},{\"@type\":\"ImageObject\",\"inLanguage\":\"sk-SK\",\"@id\":\"https:\\\/\\\/slanedeti.sk\\\/cms\\\/kontakt#primaryimage\",\"url\":\"https:\\\/\\\/slanedeti.sk\\\/cms\\\/wp-content\\\/uploads\\\/2013\\\/12\\\/logo_mensie.png\",\"contentUrl\":\"https:\\\/\\\/slanedeti.sk\\\/cms\\\/wp-content\\\/uploads\\\/2013\\\/12\\\/logo_mensie.png\",\"width\":1000,\"height\":729,\"caption\":\"Priatelia slan\u00fdch det\u00ed\"},{\"@type\":\"WebSite\",\"@id\":\"https:\\\/\\\/slanedeti.sk\\\/cms\\\/#website\",\"url\":\"https:\\\/\\\/slanedeti.sk\\\/cms\\\/\",\"name\":\"Slan\u00e9 deti\",\"description\":\"Inform\u00e1cie o cystickej fibr\u00f3ze\",\"potentialAction\":[{\"@type\":\"SearchAction\",\"target\":{\"@type\":\"EntryPoint\",\"urlTemplate\":\"https:\\\/\\\/slanedeti.sk\\\/cms\\\/?s={search_term_string}\"},\"query-input\":{\"@type\":\"PropertyValueSpecification\",\"valueRequired\":true,\"valueName\":\"search_term_string\"}}],\"inLanguage\":\"sk-SK\"}]}<\/script>\n<!-- \/ Yoast SEO plugin. -->","yoast_head_json":{"title":"Kontakt - Slan\u00e9 deti","description":"Kontakt Priatelia slan\u00fdch det\u00ed","robots":{"index":"index","follow":"follow","max-snippet":"max-snippet:-1","max-image-preview":"max-image-preview:large","max-video-preview":"max-video-preview:-1"},"canonical":"https:\/\/slanedeti.sk\/cms\/kontakt","og_locale":"sk_SK","og_type":"article","og_title":"Kontakt - Slan\u00e9 deti","og_description":"Kontakt Priatelia slan\u00fdch det\u00ed","og_url":"https:\/\/slanedeti.sk\/cms\/kontakt","og_site_name":"Slan\u00e9 deti","article_publisher":"http:\/\/www.facebook.com\/slanedeti","article_modified_time":"2019-06-04T06:35:29+00:00","og_image":[{"width":1000,"height":729,"url":"https:\/\/slanedeti.sk\/cms\/wp-content\/uploads\/2013\/12\/logo_mensie.png","type":"image\/png"}],"schema":{"@context":"https:\/\/schema.org","@graph":[{"@type":"WebPage","@id":"https:\/\/slanedeti.sk\/cms\/kontakt","url":"https:\/\/slanedeti.sk\/cms\/kontakt","name":"Kontakt - Slan\u00e9 deti","isPartOf":{"@id":"https:\/\/slanedeti.sk\/cms\/#website"},"primaryImageOfPage":{"@id":"https:\/\/slanedeti.sk\/cms\/kontakt#primaryimage"},"image":{"@id":"https:\/\/slanedeti.sk\/cms\/kontakt#primaryimage"},"thumbnailUrl":"https:\/\/slanedeti.sk\/cms\/wp-content\/uploads\/2013\/12\/logo_mensie.png","datePublished":"2013-12-18T13:10:03+00:00","dateModified":"2019-06-04T06:35:29+00:00","description":"Kontakt Priatelia slan\u00fdch det\u00ed","inLanguage":"sk-SK","potentialAction":[{"@type":"ReadAction","target":["https:\/\/slanedeti.sk\/cms\/kontakt"]}]},{"@type":"ImageObject","inLanguage":"sk-SK","@id":"https:\/\/slanedeti.sk\/cms\/kontakt#primaryimage","url":"https:\/\/slanedeti.sk\/cms\/wp-content\/uploads\/2013\/12\/logo_mensie.png","contentUrl":"https:\/\/slanedeti.sk\/cms\/wp-content\/uploads\/2013\/12\/logo_mensie.png","width":1000,"height":729,"caption":"Priatelia slan\u00fdch det\u00ed"},{"@type":"WebSite","@id":"https:\/\/slanedeti.sk\/cms\/#website","url":"https:\/\/slanedeti.sk\/cms\/","name":"Slan\u00e9 deti","description":"Inform\u00e1cie o cystickej fibr\u00f3ze","potentialAction":[{"@type":"SearchAction","target":{"@type":"EntryPoint","urlTemplate":"https:\/\/slanedeti.sk\/cms\/?s={search_term_string}"},"query-input":{"@type":"PropertyValueSpecification","valueRequired":true,"valueName":"search_term_string"}}],"inLanguage":"sk-SK"}]}},"_links":{"self":[{"href":"https:\/\/slanedeti.sk\/cms\/wp-json\/wp\/v2\/pages\/961","targetHints":{"allow":["GET"]}}],"collection":[{"href":"https:\/\/slanedeti.sk\/cms\/wp-json\/wp\/v2\/pages"}],"about":[{"href":"https:\/\/slanedeti.sk\/cms\/wp-json\/wp\/v2\/types\/page"}],"author":[{"embeddable":true,"href":"https:\/\/slanedeti.sk\/cms\/wp-json\/wp\/v2\/users\/2"}],"replies":[{"embeddable":true,"href":"https:\/\/slanedeti.sk\/cms\/wp-json\/wp\/v2\/comments?post=961"}],"version-history":[{"count":0,"href":"https:\/\/slanedeti.sk\/cms\/wp-json\/wp\/v2\/pages\/961\/revisions"}],"wp:featuredmedia":[{"embeddable":true,"href":"https:\/\/slanedeti.sk\/cms\/wp-json\/wp\/v2\/media\/12"}],"wp:attachment":[{"href":"https:\/\/slanedeti.sk\/cms\/wp-json\/wp\/v2\/media?parent=961"}],"curies":[{"name":"wp","href":"https:\/\/api.w.org\/{rel}","templated":true}]}}